
3
Suppose -2*a - 3*a - 160 = 0. Let n = 72 + a. Suppose -n = -0*o - 4*o. List the prime factors of o.
2, 5
Let j(p) be the third derivative of -p**4/24 + p**3/3 - 2*p**2. Let c be j(0). Suppose -15 = -3*s, -3*a + c*a - 3*s = -17. What are the prime factors of a?
2
Let q = 10 - 8. List the prime factors of q.
2
Let x(z) = 5*z**2 + 9*z + 5. List the prime factors of x(-4).
7
Suppose -5*w - 3*y - 2*y = -670, 538 = 4*w + 3*y. What are the prime factors of w?
2, 17
Suppose 2*w = -w + 6. Let i = 3 + w. Suppose -y - i = 0, -2*y + 29 = 6*r - 3*r. What are the prime factors of r?
13
Suppose 4*i = -2*q + 8, -2*q + 3*i = -0*q - 8. Suppose 21 = 2*y + y - 3*p, q*p = -4. What are the prime factors of y?
2, 3
Suppose 20 = -0*s - 5*s, -s = 4*d - 12. List the prime factors of ((-54)/(-4))/(3/d).
2, 3
Let a(n) = 2*n**2 + 2. Let o(w) = 5*w**2 + w + 6. Let u(t) = 8*a(t) - 3*o(t). Let p be u(4). Suppose -2*m = p*m - 24. List the prime factors of m.
2, 3
Let n(x) = x**3 - 3*x**2 - 3*x - 1. Let t be n(4). Suppose -3*j + 72 = 3*u, -105 + 33 = -t*u - j. What are the prime factors of u?
2, 3
Let r(z) = -2*z - 6. Let o be r(-4). Suppose 10 = -y + 3*y + 2*i, 1 = y + o*i. What are the prime factors of y?
3
Suppose 0 = 3*t + t + 2*q - 110, -2*t + 4*q = -50. List the prime factors of t.
3
Let v = -29 + 57. Let p be v/6*(-9)/(-6). Let m(s) = -s + 11. List the prime factors of m(p).
2
Let s(o) = o**2 - 4*o + 9. Let d be s(7). Let u be -3*(3 - d/9). What are the prime factors of 18/u + 15/(-5)?
3, 5
Let q(s) = -s - 4. Let b be q(6). Let a be (-165)/6*8/b. Suppose -4*f - 43 = -3*v, -v + f - 9 + a = 0. What are the prime factors of v?
3
Let o be (-4)/(4/(-99)) - 0. Suppose -5*i = 3*w - o, 2*w - 3*w = -4*i + 86. List the prime factors of i.
3, 7
Suppose 2*w = -0*w - 42. Let u be w/2 + 1/2. What are the prime factors of 5/u - (-25)/2?
2, 3
Suppose 2*k + 104 = -p - 3*p, -5*k + 5*p - 245 = 0. Let z = -36 - k. What are the prime factors of z?
2, 7
What are the prime factors of 25/30*3*(-14)/(-1)?
5, 7
Let n be 3 + (-1 - 2 - 18). Let o = 20 - n. List the prime factors of o.
2, 19
Let d be (30/25)/((-6)/(-160)). Suppose -88 = -5*c + d. List the prime factors of c.
2, 3
Let d = 3 + -1. Let i = 1 + d. Suppose -3*t + 35 = s, -i*t + t + 23 = s. List the prime factors of t.
2, 3
Suppose 21 = 4*j + 9. Suppose -10 = -r - j. List the prime factors of r.
7
Suppose 86 - 51 = b. What are the prime factors of b?
5, 7
Suppose -u + 910 = 9*u. List the prime factors of u.
7, 13
Suppose 0 = -6*q + 4*q + 6. List the prime factors of q.
3
Suppose 2*d - 424 = -3*z, 0*d + d = z - 148. What are the prime factors of z?
2, 3
Let h(j) = -j**2. Let k(g) = g**2 - 2*g - 1. Let n(v) = -3*h(v) + k(v). Let f be n(-1). Suppose -24 = -f*y + 66. List the prime factors of y.
2, 3
Suppose -4*z + 8*z = 3*d + 117, -2*d + 62 = 2*z. List the prime factors of z.
2, 3, 5
Suppose -3*z + 2*i = -5, 0 = -0*z - 2*z + 2*i + 4. Suppose z = -2*a + 7. Suppose 0 = -0*s + s + r - 6, -a*s - 4*r = -19. What are the prime factors of s?
5
Suppose -3*p + 5*p - 2*z = 656, 0 = 4*p + 4*z - 1320. Suppose -5*s = -p + 79. What are the prime factors of s?
2, 5
Let n(q) = q**3 + q**2 + q. Let s(v) = 9*v**3 + v**2 + 6*v. Let c(i) = 4*n(i) - s(i). Let m be c(2). Let f = -20 - m. What are the prime factors of f?
2, 3
Suppose 4*f - 240 = 2*g + 2*g, 294 = 5*f - 2*g. Suppose -m + 3*m = f. Let y = m + -19. List the prime factors of y.
2, 5
Let p = -12 + 17. List the prime factors of p.
5
Let q(s) = s**2 - 3*s - 5. Let v be q(4). Let r(b) = -2*b**3. List the prime factors of r(v).
2
Suppose 3*j - 14 = 5*a, -3*j - 5*a + 10 = 2*j. What are the prime factors of (-1)/(-3)*j - -10?
11
Let r = -27 - -45. What are the prime factors of r?
2, 3
Suppose 0*f = -4*f + 288. List the prime factors of f.
2, 3
What are the prime factors of 9*5 - (-12 + 16)?
41
What are the prime factors of (-5)/10 + (-249)/(-6)?
41
Let z(j) = -j**2 - 3*j - 2. Let f be z(-3). Let a = 2 + f. Suppose -25 = -2*t + 3*l, 5*l + a*l = 2*t - 35. What are the prime factors of t?
5
Let i = 89 - 61. List the prime factors of i.
2, 7
Let r = -8 + 3. Let s = r + 8. Suppose x + 3 = m - 2*x, s*x = -5*m + 15. List the prime factors of m.
3
Suppose -o + 2*r = 39, -2*r = -0*o + 3*o + 117. Let h = 68 + o. List the prime factors of h.
29
Let a be (-3)/2 + (-38)/4. Let t = a + 25. List the prime factors of t.
2, 7
Suppose -y = 2*y. Suppose y = 2*f - 3*f + 17. What are the prime factors of f?
17
Let s(t) be the second derivative of -t**3/6 - t**2 - 5*t. Let i be (7/2)/(-1)*2. List the prime factors of s(i).
5
Let f = -57 - -41. Let y = f + 43. What are the prime factors of y?
3
Suppose -4*b = -3 + 39. What are the prime factors of (-4)/3*(b + 6)?
2
Let i(l) = l**2 - l. Let c be i(-1). Suppose 13 = a - c. List the prime factors of a.
3, 5
Let g be (-4)/10*(1 - 6). Let x be ((-4)/8)/(g/(-4)). List the prime factors of (-26)/(-2) + x*-2.
11
Let m(s) = s - 8. Let b be m(12). Suppose 49 = b*c - 111. What are the prime factors of c?
2, 5
Let i be (-36)/(-30)*20/6. Suppose 2*t + i*h = 20, 6*h - 45 = -5*t + h. What are the prime factors of t?
2
What are the prime factors of (-2)/(66/(-62) + 1)?
31
Let k(s) = 24*s - 26. What are the prime factors of k(6)?
2, 59
Suppose 108 + 9 = 3*t - 5*l, -t = -l - 39. List the prime factors of t.
3, 13
Suppose -5*b - 4*y = 5, -5*b - 2*y + 0 = -5. Suppose b*m = 7*m - 28. What are the prime factors of m?
7
Suppose -3*o + 4 + 2 = 0. Let g = o - -1. Suppose 4*v = -g*s + 53, 4*s - 78 + 22 = -4*v. List the prime factors of v.
11
Suppose 2*x + 2 = -4, 3*g - 6 = 2*x. Suppose 5*d - p - 36 = g, 0 = 5*d - 2*d + 5*p - 44. List the prime factors of d.
2
Let o be ((-6)/(-4))/((-2)/(-4)). Suppose 5*f + o*x = -0*x + 51, 3*f - 5*x = 51. What are the prime factors of f?
2, 3
Let c(i) = -5*i**3 - 5*i**2 + 2*i + 2. Let a(r) = -11*r**3 - 10*r**2 + 4*r + 4. Let x(k) = 6*a(k) - 13*c(k). What are the prime factors of x(4)?
2, 3
Suppose -7*v + 4*p - 37 = -2*v, 2*v = 4*p - 22. Let m = v - -8. Suppose i + 63 = 5*r, 5*r = 2*i - m*i + 57. List the prime factors of r.
2, 3
Suppose 0 = 4*o - 72. Suppose -4*g - g - 2*b + o = 0, 4*g - 18 = 2*b. Suppose 0*a - g*a = -88. List the prime factors of a.
2, 11
Let z(i) be the first derivative of -15*i**2 + 1. What are the prime factors of z(-1)?
2, 3, 5
Suppose -13*f + 2220 = 2*f. What are the prime factors of f?
2, 37
Suppose -3 + 12 = 3*z. Suppose -x = z*x + 88. List the prime factors of 4/(-2) + x/(-2).
3
Let x = -7 + 31. List the prime factors of x.
2, 3
Suppose 2*q = 4*q - 10, -12 = -3*h - 3*q. Let t = h + 8. List the prime factors of t.
7
Let l(a) = -19*a - 15. What are the prime factors of l(-8)?
137
Let u be (1 + 0)*(3 - 0). Suppose 0 = -5*j - 3*s + 28, -3*j - s + 19 = u*s. List the prime factors of j.
5
Let f be -3 - 9/(-3)*2. Suppose 5*r = 3*c - 47 + 9, 0 = 3*r - 4*c + 25. List the prime factors of f/(-6) + r/(-2).
3
Let b(w) = 49*w - 25. List the prime factors of b(3).
2, 61
Suppose 0 = -u - r - 18 + 49, -2*r = -5*u + 148. Let p = u - 10. What are the prime factors of p?
2, 5
Let v be 22/3 - (-4)/(-3). Let m = v + 16. List the prime factors of m.
2, 11
Let j be 222/7 - (-6)/21. Suppose 0 + 13 = 2*d - 5*g, 3*d + 5*g - j = 0. What are the prime factors of d?
3
Let g(m) = -m + 8. Let s be g(6). List the prime factors of (-136)/(-6) + s/(-3).
2, 11
Let x(u) = -539*u + 537*u - 1 - 1 - 5. Let l(n) = n**2 + 6*n - 5. Let s be l(-6). What are the prime factors of x(s)?
3
Suppose 2*b + 22 = 4*c, -b + 19 = 4*c - 0*c. Suppose c*t - 19 = 31. What are the prime factors of t?
2, 5
Let m(n) = -n**2 - 3*n + 2. Let r be m(-3). Suppose -w = -r*w + 8. List the prime factors of w.
2
Suppose 2*c - 31 = -2*c - 5*w, -4*c + 4*w + 4 = 0. Suppose -11 = -3*t - c*n, 2*t - 3*t - 5*n = 0. List the prime factors of t.
5
Suppose o = -3*o + 20. List the prime factors of o.
5
Let k(p) = 8*p**2 + 1. Let b be k(1). Suppose -o + t - 4*t + b = 0, -t = 3*o - 35. List the prime factors of o.
2, 3
What are the prime factors of (9/(-2))/(2*(-3)/36)?
3
Suppose -8*s - 7*s = -1125. What are the prime factors of s?
3, 5
Suppose -3*i + d = 2*d - 19, 9 = 2*i - 3*d. What are the prime factors of i?
2, 3
Suppose 4*f = -f + 4*b + 48, -5*f + 5*b + 50 = 0. Let j = f - 31. Let k = j - -32. List the prime factors